et j be z(-12). Suppose 8*t - b = j*t. Calculate the highest common factor of t and 9.
9
Let h(c) = 16*c - 37. Let s(q) = 3*q - 2. Let y(v) = -h(v) + 5*s(v). Let b be 51/4 - (-1)/4. Let f be y(b). What is the greatest common factor of f and 70?
14
Suppose -90 = -4*t + d + d, 5*t - 110 = 2*d. Suppose -n = -2*n - 2, 0 = -3*a - 2*n + t. Calculate the highest common divisor of 568 and a.
8
Suppose -68*s + 37820 + 32900 = 0. Calculate the highest common divisor of 400 and s.
80
Let p be 2/4 - (-1 + 235/10). Let r = -21 - p. Let u be (-813)/(-18) + r/(-6). Calculate the highest common factor of u and 15.
15
Let s(j) = 568*j - 6754. Let a be s(12). Calculate the greatest common factor of 14756 and a.
62
Let a(p) = p**3 + 25*p**2 + 116*p + 42. Let k be a(-19). Suppose 3*g = -u + 76, -3*u - 88 = -k*u + 3*g. What is the highest common factor of 2 and u?
2
Suppose g - 494 = 310*s - 312*s, -s - 4*g = -233. What is the highest common divisor of s and 207?
3
Suppose 232 = 14*j - 62. Let v = 315 - 309. Calculate the greatest common factor of j and v.
3
Suppose -a = 7, -2*a = -4*o - 4*a + 586. What is the greatest common factor of o and 810?
30
Let u be 2 - 0 - -40 - 2. Let v(c) = -c**3 - 2*c**2 + c. Let d be v(-5). Let h = -46 + d. Calculate the highest common factor of h and u.
8
Let g = -146 - -232. Suppose -p - g = -1. Let b = p - -86. Calculate the highest common divisor of b and 16.
1
Let v(r) = -1838*r + 14733. Let l be v(8). What is the greatest common divisor of l and 3973?
29
Let k = -132 + 142. Let q be (2 - 38/k)/(3/(-435)). What is the highest common divisor of 29 and q?
29
Let x be -31*(-3 - -2)/1. Let w = x + -1. Let c(q) = -q**2 + 6*q + 4. Let d be c(4). What is the highest common divisor of w and d?
6
Suppose -37*y + 100*y - 126 = 0. Suppose 16*x - 6 = 15*x. What is the highest common divisor of x and y?
2
Let u be (-1932)/(-84) + 0 + 1. What is the greatest common factor of u and 5592?
24
Let x(s) = s**3 + 2*s**2 - 80*s + 13. Let b be x(-10). Suppose r + 116 = 519. What is the greatest common factor of b and r?
13
Let i be ((-5868)/21)/2 + (-2)/7. Let d be (8/20*-3)/(3/i). Calculate the greatest common divisor of 252 and d.
28
Suppose -3*r - 81 = -3*k - 102, -2*k - 29 = -5*r. Let i be (-4)/(-6) + (785/15 - -7). What is the highest common factor of i and r?
5
Let t = -241 + 487. Let b = t + -164. Calculate the greatest common divisor of b and 2.
2
Let z be ((-19944)/14 - 560/(-980))*(-18)/8. What is the greatest common factor of 288 and z?
36
Let j be 30*(-8 + 414/45). Let h be -2 - 2*4/(-16)*22. What is the highest common divisor of h and j?
9
Let x(j) = 69*j**2 - 17*j + 25. Let c be x(2). Suppose -5*r + c = -4*h, h + 23 + 235 = 5*r. Calculate the greatest common divisor of r and 272.
17
Let f = 282 + -962. Let a = f - -699. Calculate the greatest common factor of 76 and a.
19
Suppose 4429 = g + 2*r, 0*g - 3*g = -2*r - 13327. What is the highest common divisor of g and 23?
23
Suppose 46*t - 79*t + 23496 = 0. Calculate the greatest common factor of 92 and t.
4
Suppose 3*v - 22 - 113 = 0. Let u be (-15)/(-45)*-21 - -16. What is the greatest common divisor of u and v?
9
Let f = 259 + -50. Let b(k) = -k + 4. Let i be b(10). Let p be (-2)/(-3) - 110/i. Calculate the highest common divisor of p and f.
19
Let s(l) = l**3 - 42*l**2 + 50*l + 93. Let b be s(41). Calculate the highest common factor of b and 154.
154
Suppose -81 = -2*t + 5*r, 0*t - 2*t = 2*r - 74. Let k be -3*(-2 + (3 - 2)). Suppose -2*a = k - 117. What is the greatest common factor of a and t?
19
Let r = 15896 - 11086. What is the greatest common divisor of r and 260?
130
Suppose 4*z + 380 = t - 45, -t + 2*z = -431. Let u = t - 435. Calculate the greatest common factor of 27 and u.
1
Let y(p) = 4*p**3 + 4*p**2 - 4*p. Let q be y(-3). Let b = q - -85. Let x = b + -17. What is the greatest common factor of 2 and x?
2
Let i(c) = 37*c + 5. Suppose -14*q + 13*q = -4. Let l be i(q). Calculate the greatest common factor of 17 and l.
17
Let l be (-387)/(-645) + 214/10. Calculate the greatest common factor of l and 22.
22
Let s be (-60)/24*556/5. Let q = -162 - s. Let h be q - ((-2)/(-8) + 119/(-28)). Calculate the greatest common factor of h and 40.
40
Let h = 591 + -586. Let j(r) = -6*r - 31. Let w be j(-21). What is the highest common divisor of w and h?
5
Let a be (2 - -1)*((-1003)/34)/(45/(-4170)). Calculate the greatest common divisor of 139 and a.
139
Let d be -3*(2 - (-3 - (-25)/3)). Suppose 4*p + d = -6. Let y be (1 - 5)*8/p - 3. What is the highest common divisor of y and 45?
5
Let s be (222/(-74) + 2/1)*-26. Suppose -5*n + 11 = -899. Calculate the highest common divisor of n and s.
26
Let n = 20516 + -18545. Calculate the highest common divisor of n and 584.
73
Let j(m) = 54*m**2 - 13*m + 18. Let b be j(7). What is the highest common divisor of 155 and b?
31
Suppose 11*x + 48 = 3*x. Let d = 126 - x. Suppose 0*u - 2*p = -u + 10, 4*u - 3*p - 45 = 0. What is the highest common divisor of d and u?
12
Suppose 14*l = 3*d + 12*l - 4944, d + 3*l - 1648 = 0. What is the highest common factor of 4 and d?
4
Let m = -35 - -39. Suppose 4*y - 100 = 4*q, -3*y + 3*q - 13 = -m*y. Suppose 5*f - 108 - 2 = 0. What is the greatest common divisor of y and f?
22
Suppose -5*m + m + 12 = 0. Suppose g - 144 = -m*g. Suppose 20*z = 17*z + g. Calculate the highest common factor of 36 and z.
12
Let k = 688 - 1124. Let q = 454 + k. Calculate the greatest common divisor of q and 96.
6
Let z = -48412 - -79872. What is the greatest common factor of 65 and z?
65
Suppose 10677 + 8721 = 18*j + 4152. What is the highest common divisor of 484 and j?
121
Let i(u) = 5*u**2 + 256*u - 1819. Let d be i(7). What is the greatest common factor of d and 545?
109
Let g = 557 - -79. Let r = -5288 - -5300. What is the highest common divisor of r and g?
12
Suppose f = 3*m - 60, -2*f + 0*f = 5*m - 89. Suppose -h + 2960 = m*h. What is the greatest common divisor of h and 111?
37
Let g(s) = -s**3 - 16*s**2 - 38*s - 12. Let n be g(-12). Let f = -90 - n. Calculate the highest common divisor of f and 28.
14
Suppose -48 = -b + 2*k, -k + 266 = 5*b + 2*k. Let z(g) = 5*g + 194. Let j be z(-23). Suppose -2*a = -j + 53. Calculate the greatest common factor of b and a.
13
Suppose 5*z + u = 2653, 4*z + 71*u - 68*u = 2107. Calculate the greatest common factor of 112 and z.
28
Suppose 2*j + 14*j = 2992. Let d = 347 - j. What is the highest common factor of 5 and d?
5
Let y be 8 + -4 + -7 + -5 + 13. Suppose -4*i - y*u + 313 = 0, -303 = -4*i - u - 2*u. Calculate the greatest common factor of 27 and i.
9
Suppose -2*x - x - 5*p + 236 = 0, -228 = -3*x - 3*p. Suppose 43*o - 662 = -4*t + 50*o, 5*t = -3*o + 804. What is the highest common divisor of x and t?
18
Suppose 65*b = 75*b + 10. Let r be 2*(-147)/(-14) + b/1. Calculate the greatest common factor of 240 and r.
20
Let q be (540/81)/((-20)/(-72)). Calculate the greatest common factor of 135 and q.
3
Let r(q) = -19*q**2 + 840*q + 79. Let u be r(44). What is the highest common divisor of u and 680?
85
Suppose -2*o = 6, -p + 2*o = 2*p - 420. Let c = -86 + p. Calculate the highest common factor of 468 and c.
52
Let h be (-6)/10 + ((-72)/(-30))/4. Suppose -4*g + 8 = -h*g. Let d be (g - -2)/(5/5). Calculate the greatest common divisor of 1 and d.
1
Let d = 362 + -390. Let q = 160 + d. Calculate the highest common divisor of q and 22.
22
Suppose 6*z - 4*z - 44 = 0. Suppose 363*q - 17875 - 69971 = 0. What is the greatest common divisor of z and q?
22
Suppose -2*w + 0 = -6. Let u be -3 + (4 - (w - 4)). Suppose -p = -1, -u*f + 5*p = f - 175. What is the greatest common factor of 15 and f?
15
Suppose 2*j + 3 = 5*j. Let s = j - -6. Suppose s*d = 3*d + 112. What is the greatest common divisor of d and 7?
7
Suppose 0 = 65*o - 67*o + 1872. Suppose 40*b - 32*b - o = 0. What is the highest common factor of b and 13?
13
Suppose -6*g + 2*g - 12 = 0, 4*b + 3*g - 703 = 0. What is the highest common factor of b and 4806?
178
Let a be (1*-8)/4 + 12510 + 22 + -10. Calculate the highest common divisor of 60 and a.
20
Let q be 14/(-3)*(-9 - (-147)/14). Let v be -126*(-6 - q)*-1. What is the greatest common factor of v and 18?
18
Suppose 10*l + 7253 = 29*l - 157. What is the greatest common divisor of 9555 and l?
195
Let w = 